e prime factors of x/(-2) + (-10)/(-20).
2, 5
Let n = -26 - -47. List the prime factors of n.
3, 7
Let t = 2 - 2. Let x be 1*9*(8 - 1). Suppose -s - 2*s + x = t. List the prime factors of s.
3, 7
Suppose -279 = -4*o + 233. Suppose -2*w = -6*w + o. What are the prime factors of w?
2
Let z(y) = y**2 - 2. Let g be z(-6). Let b be 2*10*(-8)/(-10). Suppose -3*d - 4*t = -g, -3*d + b = -2*d - t. List the prime factors of d.
2, 7
Let s be 56/9 - (-12)/(-54). Let n be s/9 + 2/(-3). Suppose 5*f + 3 - 23 = n. List the prime factors of f.
2
What are the prime factors of 2/(-7) + 1337/49?
3
List the prime factors of (-298)/(-8) - (-5)/(-20).
37
Let j(r) = -2*r - 1. Let q be j(-2). Suppose q*z + 20 = 185. What are the prime factors of z?
5, 11
Suppose w + 4*g - 55 = 0, -3*g - 55 = -4*w + 146. Suppose 0*r + r + 237 = 5*f, -f - r + w = 0. List the prime factors of f.
2, 3
Let k = 39 + 0. List the prime factors of k.
3, 13
Let u(p) = p**3 - 11*p**2 + 11*p - 7. Let y be u(10). Suppose -3*v - 5*q + 88 = 0, v - 19 = -y*q + 9. List the prime factors of v.
31
Let s be (15/(-2))/(1/(-2)). Suppose 0 = -5*g - 5*y - s, 5*g - 4*y = y + 15. Suppose g = -5*l + 14 + 36. List the prime factors of l.
2, 5
Let b = 77 - 74. What are the prime factors of b?
3
Let k be 1 + 0 + (-2)/(-1). Let x = 5 - k. What are the prime factors of -15*1*x/(-3)?
2, 5
Let b be (4/(-10))/(2/20). Let o = 4 + b. Suppose o = 4*y - 39 + 7. What are the prime factors of y?
2
Let i(l) = -l**3 + 3*l**2 - l - 5. List the prime factors of i(-4).
3, 37
Let y(v) = v + 11. Let c(h) = 5. Let g(s) = -7*c(s) + 4*y(s). List the prime factors of g(6).
3, 11
Let n = 59 + -32. List the prime factors of n.
3
List the prime factors of (-14)/(-2 - 3/(153/(-96))).
7, 17
Let a(c) = -13*c**2 + 7*c - 6. Let o(r) = -14*r**2 + 8*r - 7. Let v(w) = -6*a(w) + 5*o(w). List the prime factors of v(1).
7
Let j = 4 - 6. Let i be -1 + (5*j)/(-2). Suppose 3*c - 5*f - 32 = 0, -5*f + 0*f - 46 = -i*c. What are the prime factors of c?
2, 7
What are the prime factors of 15/(-1 - (-33)/24)?
2, 5
Let f = 14 + 3. List the prime factors of f + ((-4)/(-2) - 4).
3, 5
Suppose -r - 212 = -3*r + 2*q, 5*r - q - 538 = 0. Suppose -w + r = 3*t, 5*w - 180 - 10 = -5*t. What are the prime factors of t?
5, 7
Let p = -38 + 27. Let b = p - -28. List the prime factors of b.
17
Suppose 8*f = 4*f + 44. What are the prime factors of f?
11
Suppose 0*b + 4*l = b - 11, 0 = -5*b + 5*l + 10. Let v be 6 + b/((-3)/(-6)). Suppose v*r - 42 = r. List the prime factors of r.
2, 7
Let j = 143 + -38. List the prime factors of j.
3, 5, 7
Suppose 2*z + 3*z - 4*r = 8, 3*r - 25 = -4*z. List the prime factors of (z/6)/(6/99).
11
Let l(h) = h**2 - 1. Let k be l(1). Suppose 0 - 6 = -3*b. Suppose b*j + 0 - 4 = k. What are the prime factors of j?
2
Let f(k) = 2*k**2 + 2*k + 6. Let n(c) = c**2 - c. Suppose 0 = -6*i + 5*i - 1. Let j(u) = i*n(u) + f(u). List the prime factors of j(-4).
2, 5
Let w be 22 + 2 + -1 + 1. Suppose -c - w = -4*c. List the prime factors of c.
2
Suppose 2*w = 4 + 10. Suppose -4*i = z - 6, 2*z = -w*i + 4*i + 7. List the prime factors of z.
2
Let k(p) = p**3 + 3*p**2 - 4*p + 3. List the prime factors of k(-4).
3
Let g = -5 + -13. What are the prime factors of 3*(-2)/g*39?
13
Let q(x) = -x**3 - 5*x**2 - 4*x + 2. Let p be q(-4). What are the prime factors of p - 6*(-4)/8?
5
Let u(h) = h**3 - 8*h**2 - h + 8. Let l be u(8). Let a(t) = t**3 - t**2 + 20. List the prime factors of a(l).
2, 5
Let m = 109 + -80. List the prime factors of m.
29
Let s = 48 - -32. Suppose 2*r = -0*r - 3*z + 22, -5*z = -5*r + s. List the prime factors of r.
2, 7
Let x = 602 - 407. List the prime factors of x.
3, 5, 13
Let h be -1 + 0 - 1 - -7. Suppose h*j = -0*j + 200. Let s = j + -23. List the prime factors of s.
17
Suppose -f = 5*f + 42. Let v(p) = p**2 + 4*p - 12. What are the prime factors of v(f)?
3
Suppose 4*k + 148 = 2*o + 2*o, -k - 1 = 0. List the prime factors of o.
2, 3
Let d = 6 + -4. Suppose 0 = -t - 3*t - d*c + 14, t + 3*c + 4 = 0. Suppose -4*l + 28 = -t*o + 103, 2*o = -l + 17. What are the prime factors of o?
11
Let x = -8 + 10. Suppose 4*r = 3*c + 56, -r + x*c + 9 = -0*r. List the prime factors of r.
17
Let v(o) = -o**2 - 15*o + 1. List the prime factors of v(-13).
3
Suppose 2*a - 4 = -0. Suppose 0 = 4*m - 4. List the prime factors of a*m + (5 - -3).
2, 5
Suppose 5*g = -f - 30, 23 = -g - 3*g - f. Let v(a) = -4*a - 3. Let k(u) = 5*u + 3. Let x(h) = g*v(h) - 6*k(h). List the prime factors of x(-3).
3
Let m(t) be the first derivative of t**4/4 - 2*t**3 + 3*t**2 - 4*t - 2. Let p be m(5). Let x(q) = 8*q**3 + q**2 - q. List the prime factors of x(p).
2
What are the prime factors of -88*((-95)/20 + 3)?
2, 7, 11
Suppose 2*y + 7 + 15 = -4*b, 3*y - 2*b + 17 = 0. Let i(n) = n**2 + 6*n - 5. What are the prime factors of i(y)?
2
Let v(y) = y + 7. Let j be v(-5). Suppose 0 = -3*o - 4*l + 13 + 7, 8 = -j*l. Suppose r = -s + o, 5*s - 22 = -2*r + 4*s. What are the prime factors of r?
2, 5
Let k = 4 + 0. Suppose 5*x - m = -3*m + 65, -13 = -3*x + k*m. Let a = x - 6. What are the prime factors of a?
5
Let h = -10 + 1. Let x = 16 + h. What are the prime factors of x?
7
Let c(s) = -s**2 - 8*s - 8. Let n be c(-6). Suppose -p + 45 = n*p. Suppose 3*z - p = 2*z. What are the prime factors of z?
3
Suppose -5*j + 64 = -61. Let p = -12 + j. List the prime factors of p.
13
Let v = 34 + 32. What are the prime factors of v?
2, 3, 11
Let g(l) = 5*l**2 - 2*l - 1. Let k be g(-1). Suppose -x = -16 + k. List the prime factors of x.
2, 5
Let i = -2 + -6. Let h = 49 + i. What are the prime factors of h?
41
Suppose j - 723 = -j + 3*v, 1425 = 4*j + v. What are the prime factors of j?
3, 7, 17
Suppose 16 = 2*b + 6. Suppose 4*f - 32 = 5*o + 9, -b*o = -f + 29. What are the prime factors of f?
2
Suppose 5*o + 138 = -47. Let b = o + 56. What are the prime factors of b?
19
Let x(v) = -2*v**3 + v**2 - 3*v + 1. Let q be x(2). Let g = q + 30. List the prime factors of g.
13
Let c = 8 + 16. Let h = c - -16. What are the prime factors of h?
2, 5
Let c(q) = q**3 + 6*q**2 + 6*q + 4. Let b be c(-5). Let k be -3*((-8)/6 - b). What are the prime factors of k*6/(-3)*-2?
2
Let s(o) = o**3 - 4*o**2 + 2*o - 5. Let y be s(4). Suppose -y*f + f + 7 = -5*w, -f - w = -21. What are the prime factors of f?
2
What are the prime factors of (10/7)/(2/14)?
2, 5
Let l = -12 + 17. Suppose 12 = -l*g + 27. What are the prime factors of g?
3
Let f = -16 + 2. Let p = 28 - f. List the prime factors of p.
2, 3, 7
Let j(w) = -w**2 + 8*w - 5. Let f be j(7). Suppose -f*p + 40 = 2*p. List the prime factors of p.
2, 5
Suppose -10 = 2*j, 0*u - 4*u + 3*j = -131. What are the prime factors of u?
29
Suppose 0 = -5*c + 307 + 28. List the prime factors of c.
67
Suppose 285 = -2*y + 7*y. Suppose 0 = 3*t - y + 15. List the prime factors of t.
2, 7
Suppose 3*o = o - 2*l + 2, o - 5*l - 19 = 0. Suppose 42 = 2*y - 3*m, 0*y + 5*m = o*y - 88. What are the prime factors of y?
3
Let t be (-100)/(-15) + (-2)/3. Suppose t*l = l + 85. List the prime factors of l.
17
Suppose 4 + 16 = 4*h - 3*l, 3*l + 15 = 3*h. Suppose -h*t = -2*t - 36. List the prime factors of t.
2, 3
Let h(f) = -5*f - 4. Let u(o) = o**3 + 10*o**2 + o + 6. Let d be u(-10). What are the prime factors of h(d)?
2
Let j = -4 + 6. Suppose -2*y + 48 = 4*n, j*n + 6*y - 2*y = 12. What are the prime factors of n?
2, 7
Let s(o) = o + 10. Let v be ((-4)/(-3))/((-4)/(-42)). What are the prime factors of s(v)?
2, 3
List the prime factors of (6 - 5)/((-2)/(-28)).
2, 7
Let l be (8 + 3 + -1)*2. Let j = 41 + -51. Let x = l + j. List the prime factors of x.
2, 5
Let p(j) = j**3 + 2*j**2 - 2*j + 3. Let k be p(-3). Suppose 3*i = k, 2*v = -0*v - 4*i. Suppose -48 = -4*f - v*f. List the prime factors of f.
2, 3
Let c(h) = -h - 2. Let z be c(-6). Suppose n + z = 12. Let a = 0 + n. What are the prime factors of a?
2
Let i be -2*10/8*-2. Suppose -4*m + 3*m = -7. Suppose i = n - m. What are the prime factors of n?
2, 3
Let u(t) = -17*t - 6. What are the prime factors of u(-10)?
2, 41
Let s be 10/(-1 - 0) + 1. Let x be (-69)/s + (-1)/(-3). Let y(z) = 2*z - 5. What are the prime factors of y(x)?
11
Suppose -3*p + 57 = -6. List the prime factors of p.
3, 7
Let m(f) be the first derivative of -f**3/3 + 4*f**2 - 2. List the prime factors of m